{"id":18,"date":"2026-03-17T09:49:54","date_gmt":"2026-03-17T09:49:54","guid":{"rendered":"https:\/\/bgk.uni-obuda.hu\/fkk\/?page_id=18"},"modified":"2026-05-05T14:14:48","modified_gmt":"2026-05-05T12:14:48","slug":"domotika","status":"publish","type":"page","link":"https:\/\/bgk.uni-obuda.hu\/fkk\/domotika\/","title":{"rendered":"Domotika szakm\u00e9rn\u00f6k\/szaktan\u00e1csad\u00f3"},"content":{"rendered":"\n<h3 class=\"wp-block-heading\">Tov\u00e1bbi inform\u00e1ci\u00f3k k\u00e9rhet\u0151k<\/h3>\n\n\n\n<p><strong>K\u00e9pz\u00e9svezet\u0151:&nbsp;<\/strong>Dr. habil Koll\u00e1r Csaba PhD&nbsp;tudom\u00e1nyos f\u0151munkat\u00e1rs,&nbsp;<a href=\"mailto:kollar.csaba@uni-obuda.hu\">kollar.csaba@uni-obuda.hu<\/a><br><strong>K\u00e9pz\u00e9sszervez\u0151:&nbsp;<\/strong>Varga Eszter,&nbsp;<a href=\"mailto:varga.eszter@bgk.uni-obuda.hu\">varga.eszter@bgk.uni-obuda.hu<\/a>&nbsp;(+36 30 119 6661)<\/p>\n\n\n<div style=\"background-color: #d9edf7; color: #31708f; border-left-color: #fcb900; \" class=\"ub-styled-box ub-notification-box wp-block-ub-styled-box\" id=\"ub-styled-box-05c87b3f-0f39-4935-abea-632ecb7cecf6\">\n<h3 class=\"wp-block-heading\" id=\"ub-styled-box-notification-content-\">Jelentkez\u00e9s<\/h3>\n\n\n\n<p><strong>Az online jelentkez\u00e9si \u0171rlap hi\u00e1nytalan kit\u00f6lt\u00e9s\u00e9vel<\/strong>:<\/p>\n\n\n<div style=\"gap: 20px;\" class=\"align-button-center ub-buttons orientation-button-row ub-flex-wrap wp-block-ub-button\" id=\"ub-button-a140a655-490b-4f1c-abec-b6da21a6dfb9\"><div class=\"ub-button-container\">\n\t\t\t<a href=\"https:\/\/bgk.uni-obuda.hu\/fkk\/szakiranyu-tovabbkepzesek-urlap\/\" target=\"_self\" class=\"ub-button-block-main   ub-button-flex\" role=\"button\" style=\"--ub-button-background-color: #7bdcb5; --ub-button-color: #000000; --ub-button-border: none; --ub-button-hover-background-color: #1d294d; --ub-button-hover-color: #ffffff; --ub-button-hover-border: none; padding-top: 10px; padding-right: 10px; padding-bottom: 10px; padding-left: 10px; border-top-left-radius: 10px;; border-top-right-radius: 10px;; border-bottom-left-radius: 10px;; border-bottom-right-radius: 10px;; \">\n\t\t\t\t<div class=\"ub-button-content-holder\" style=\"flex-direction: row\">\n\t\t\t\t\t<span class=\"ub-button-block-btn\">Jelentkez\u00e9si lap<\/span>\n\t\t\t\t<\/div>\n\t\t\t<\/a>\n\t\t<\/div><\/div>\n\n\n<p><em>K\u00e9rj\u00fck minden esetben pontosan jel\u00f6lje\u00a0meg a kiv\u00e1lasztott szakot, amelyre jelentkezni szeretne!<\/em><\/p>\n\n\n\n<p><strong>Jelentkez\u00e9si hat\u00e1rid\u0151:<\/strong>\u00a02026. augusztus 15.<\/p>\n\n\n\n<p><strong>K\u00e9pz\u00e9s kezdete<\/strong>: 2026. szeptember<\/p>\n\n\n<\/div>\n\n\n<p><strong>A szakir\u00e1ny\u00fa tov\u00e1bbk\u00e9pz\u00e9sben szerezhet\u0151 szakk\u00e9pzetts\u00e9g oklev\u00e9lben szerepl\u0151 megnevez\u00e9se magyar nyelven:<\/strong><\/p>\n\n\n\n<ul class=\"wp-block-list\">\n<li>Domotika szakm\u00e9rn\u00f6k<\/li>\n\n\n\n<li>Domotika szaktan\u00e1csad\u00f3<\/li>\n<\/ul>\n\n\n\n<p><strong>A szakir\u00e1ny\u00fa tov\u00e1bbk\u00e9pz\u00e9sben szerezhet\u0151 szakk\u00e9pzetts\u00e9g oklev\u00e9lben szerepl\u0151 megnevez\u00e9se magyar nyelven:<\/strong><\/p>\n\n\n\n<ul class=\"wp-block-list\">\n<li>Domotics engineer<\/li>\n\n\n\n<li>Domotics consultant<\/li>\n<\/ul>\n\n\n\n<h3 class=\"wp-block-heading\">A felv\u00e9tel felt\u00e9tele<\/h3>\n\n\n\n<p>A szakir\u00e1ny\u00fa tov\u00e1bbk\u00e9pz\u00e9sre az vehet\u0151 fel, aki vagy alapk\u00e9pz\u00e9sben vagy mesterk\u00e9pz\u00e9sben (ide\u00e9rtve a f\u0151iskolai, illetve egyetemi szint\u0171 v\u00e9gzetts\u00e9get is) m\u00e1r megszerzett v\u00e9gzetts\u00e9ggel rendelkezik.<\/p>\n\n\n\n<p>A domotika szakm\u00e9rn\u00f6k tov\u00e1bbk\u00e9pz\u00e9si szakra t\u00f6rt\u00e9n\u0151 felv\u00e9tel felt\u00e9tele, hogy a jelentkez\u0151 szakir\u00e1ny\u00fa (biztons\u00e1gtechnikai m\u00e9rn\u00f6k, mechatronikai m\u00e9rn\u00f6k, g\u00e9p\u00e9szm\u00e9rn\u00f6k, villamosm\u00e9rn\u00f6k, informatikus m\u00e9rn\u00f6k, kommunik\u00e1ci\u00f3technikai m\u00e9rn\u00f6k) m\u00e9rn\u00f6ki v\u00e9gzetts\u00e9ggel rendelkezik. Egy\u00e9b m\u0171szaki\/informatikusi diploma eset\u00e9ben a hallgat\u00f3nak a jelentkez\u00e9s sor\u00e1n be kell ny\u00fajtani a leckek\u00f6nyve hiteles\u00edtett m\u00e1solat\u00e1t, mely alapj\u00e1n a szakvezet\u0151 \u2013 \u00f6sszhangban az \u00d3budai Egyetem Tanulm\u00e1nyi \u00e9s vizsgaszab\u00e1lyzat\u00e1val \u2013 m\u00e9rlegeli az el\u0151tanulm\u00e1nyokat, s d\u00f6nt\u00e9st hoz arr\u00f3l, hogy a jelentkez\u0151 vagy a domotika szakm\u00e9rn\u00f6k k\u00e9pz\u00e9sre, vagy a domotika szaktan\u00e1csad\u00f3 k\u00e9pz\u00e9sre nyer-e felv\u00e9telt.<\/p>\n\n\n\n<p>A domotika szaktan\u00e1csad\u00f3 szakir\u00e1ny\u00fa tov\u00e1bbk\u00e9pz\u00e9sre az vehet\u0151 fel, aki vagy alapk\u00e9pz\u00e9sben vagy mesterk\u00e9pz\u00e9sben b\u00e1rmilyen nem m\u00e9rn\u00f6ki ter\u00fcleten szerzett fels\u0151fok\u00fa v\u00e9gzetts\u00e9ggel rendelkezik.<\/p>\n\n\n\n<h3 class=\"wp-block-heading\">K\u00e9pz\u00e9si adatok<\/h3>\n\n\n\n<p><strong>A k\u00e9pz\u00e9si id\u0151 f\u00e9l\u00e9vekben meghat\u00e1rozva:<\/strong>&nbsp;4 f\u00e9l\u00e9v<\/p>\n\n\n\n<p><strong>Finansz\u00edroz\u00e1si forma:<\/strong>&nbsp;\u00f6nk\u00f6lts\u00e9ges, az \u00f6nk\u00f6lts\u00e9gi d\u00edj 290 000 Ft\/f\u00e9l\u00e9v<\/p>\n\n\n\n<p><strong>Munkarend:&nbsp;<\/strong>levelez\u0151<\/p>\n\n\n\n<h3 class=\"wp-block-heading\">Mintatanterv<\/h3>\n\n\n\n<p><img loading=\"lazy\" decoding=\"async\" width=\"16\" height=\"16\" src=\"https:\/\/bgk.uni-obuda.hu\/wp-content\/uploads\/2023\/02\/x-office-document.png\" alt=\"\">&nbsp;<a href=\"https:\/\/bgk.uni-obuda.hu\/tantervek\/\"><strong>Mintatanterv&nbsp;<\/strong>el\u00e9rhet\u0151 a Tanulm\u00e1nyi Iroda aloldal\u00e1n<\/a><\/p>\n\n\n\n<h3 class=\"wp-block-heading\">A k\u00e9pz\u00e9s c\u00e9lja<\/h3>\n\n\n\n<p>A hazai \u00e9s a nemzetk\u00f6zi tendenci\u00e1k is azt mutatj\u00e1k, hogy ak\u00e1r a meglev\u0151 \u00e9p\u00fcletek, ak\u00e1r az \u00fajonnan \u00e9p\u00edt\u00e9sre ker\u00fcl\u0151 h\u00e1zak eset\u00e9ben egyre komolyabb ig\u00e9ny mutatkozik a domotika rendszerek tervez\u00e9s\u00e9re, telep\u00edt\u00e9sre, haszn\u00e1lat\u00e1ra, \u00fczemeltet\u00e9s\u00e9re, karbantart\u00e1s\u00e1ra, fejleszt\u00e9s\u00e9re. Az Eurostat, az NMHH, a KSH \u00e9s a Nielsen 2020-as \u00e9vre vonatkoz\u00f3 statisztik\u00e1i alapj\u00e1n meg\u00e1llap\u00edthat\u00f3, hogy a teljes magyar lakoss\u00e1g naponta t\u00f6bb mint 4 \u00f3r\u00e1n kereszt\u00fcl n\u00e9zi a TV-t, a telev\u00edzi\u00f3szolg\u00e1ltat\u00e1s 81%-a digit\u00e1lis technol\u00f3gi\u00e1n t\u00f6rt\u00e9nik. Az \u00e1llampolg\u00e1rok \u00e9s a c\u00e9gek \u00f6sszesen 12,7 milli\u00f3 mobiltelefon el\u0151fizet\u00e9ssel rendelkeznek, melyeken k\u00f6zel 140 petabyte mobilh\u00e1l\u00f3zati adatforgalmat realiz\u00e1lnak negyed \u00e9v alatt. Okostelefonunk 22-23 \u00f3r\u00e1n kereszt\u00fcl vel\u00fcnk van. Orsz\u00e1gos szinten 10,3 milli\u00f3 internet-el\u0151fizet\u00e9st jeleznek a statisztik\u00e1k, ezek r\u00e9v\u00e9n t\u00f6bb mint 1400 petabyte a vezet\u00e9kes internet adatforgalma negyed \u00e9v alatt. A hatalmas vezet\u00e9kes \u00e9s vezet\u00e9k n\u00e9lk\u00fcli adatforgalom, valamint az a t\u00e9ny, hogy \u00e9let\u00fcnk 30-50%-\u00e1t otthon t\u00f6ltj\u00fck, illetve, hogy a munkav\u00e1llal\u00f3k egyre nagyobb h\u00e1nyada v\u00e1lasztja a teljes, vagy r\u00e9sz-t\u00e1vmunk\u00e1t, indokolja, hogy az otthon lev\u0151 ember olyan \u00e9p\u00edtett k\u00f6rnyezetet akar mag\u00e1nak, amelyik min\u00e9l komfortosabb, k\u00e9nyelmesebb \u00e9s biztons\u00e1gosabb m\u00f3don k\u00e9pes kiszolg\u00e1lni ig\u00e9nyeit \u00fagy, hogy k\u00f6zben az \u00e9p\u00fclet fenntart\u00e1sa energiahat\u00e9kony m\u00f3don t\u00f6rt\u00e9nik.<\/p>\n\n\n\n<p>Az \u00d3budai Egyetem B\u00e1nki Don\u00e1t G\u00e9p\u00e9sz \u00e9s Biztons\u00e1gtechnikai M\u00e9rn\u00f6ki Kar szervez\u00e9s\u00e9ben indul\u00f3 domotika szakm\u00e9rn\u00f6k\/szaktan\u00e1csad\u00f3 szakir\u00e1ny\u00fa tov\u00e1bbk\u00e9pz\u00e9si szak az orsz\u00e1gban els\u0151k\u00e9nt v\u00e1llalkozik arra, hogy olyan szakembereket k\u00e9pezzen, akik hivat\u00e1sszer\u0171en, \u00e9s az elm\u00e9leti ismeretek gyakorlatba \u00fcltet\u00e9s\u00e9vel k\u00e9pesek a megrendel\u0151i ig\u00e9nyek, valamint az aktu\u00e1lis term\u00e9kk\u00edn\u00e1lat alapj\u00e1n a domotika rendszereket megtervezni, telep\u00edttetni, a telep\u00edt\u00e9s sor\u00e1n a sz\u00fcks\u00e9ges tan\u00e1csad\u00e1si \u00e9s min\u0151s\u00e9gellen\u0151rz\u00e9si feladatokat ell\u00e1tni, majd a k\u00e9sz rendszereket m\u0171k\u00f6dtetni, fel\u00fcgyelni, karbantartani, ig\u00e9ny eset\u00e9n tov\u00e1bbfejleszteni. Karunkon, illetve Egyetem\u00fcnk\u00f6n megvan az a sz\u00fcks\u00e9ges szakmai \u00e9s tudom\u00e1nyos ismeret, mely a szakot, s annak tant\u00e1rgyait modern tud\u00e1ssal k\u00e9pes felt\u00f6lteni, illetve gazdag\u00edtani.<\/p>\n\n\n\n<p>A fentiek alapj\u00e1n az \u00d3budai Egyetem B\u00e1nki Don\u00e1t G\u00e9p\u00e9sz \u00e9s Biztons\u00e1gtechnikai M\u00e9rn\u00f6ki Karon 4 f\u00e9l\u00e9ves, \u00f6nk\u00f6lts\u00e9ges, levelez\u0151 tanrend\u0171<\/p>\n\n\n\n<p><strong>Domotika szakm\u00e9rn\u00f6k\/szaktan\u00e1csad\u00f3<\/strong><\/p>\n\n\n\n<p>k\u00e9pz\u00e9st ind\u00edtunk.<\/p>\n\n\n\n<p>A Domotika szakm\u00e9rn\u00f6k\/szaktan\u00e1csad\u00f3 szakir\u00e1ny\u00fa tov\u00e1bbk\u00e9pz\u00e9si szak c\u00e9lja olyan szakemberek k\u00e9pz\u00e9se, akik a megfelel\u0151 m\u0171szaki, informatikai, programoz\u00e1si \u00e9s biztons\u00e1gi elm\u00e9leti ismereteket a gyakorlatban alkalmazva k\u00e9pesek a megrendel\u0151i ig\u00e9nyek alapj\u00e1n ak\u00e1r r\u00e9sz-, ak\u00e1r komplex domotika rendszerek tervez\u00e9s\u00e9re, telep\u00edttet\u00e9s\u00e9re, m\u0171k\u00f6dtet\u00e9s\u00e9re, fel\u00fcgyelet\u00e9re, karbantart\u00e1s\u00e1ra, ig\u00e9ny szerinti tov\u00e1bbfejleszt\u00e9s\u00e9re annak \u00e9rdek\u00e9ben, hogy a megrendel\u0151 sz\u00e1m\u00e1ra a legmagasabb min\u0151s\u00e9gi k\u00f6vetelm\u00e9nyeknek is megfelel\u0151 biztons\u00e1gos, k\u00e9nyelmes, modern, energiahat\u00e9kony, ak\u00e1r mesters\u00e9ges intelligenci\u00e1val is t\u00e1mogatott lak\u00f3k\u00f6rnyezetet teremtsenek.<\/p>\n\n\n\n<h3 class=\"wp-block-heading\">Egy\u00e9b inform\u00e1ci\u00f3k<\/h3>\n\n\n\n<p>A k\u00e9pz\u00e9ssel kapcsolatban tov\u00e1bbi inform\u00e1ci\u00f3kat a megadott kapcsolattart\u00f3i el\u00e9rhet\u0151s\u00e9geken lehet k\u00e9rni. A levelez\u0151 munkarend\u0171 k\u00e9pz\u00e9sben a hallgat\u00f3k tan\u00f3r\u00e1ira t\u00f6mb\u00f6s\u00edtve, p\u00e9nteki \u00e9s szombati napokon ker\u00fcl sor.<\/p>\n\n\n\n<h3 class=\"wp-block-heading\">A z\u00e1r\u00f3vizsg\u00e1ra bocs\u00e1t\u00e1s felt\u00e9telei<\/h3>\n\n\n\n<p>A z\u00e1r\u00f3vizsg\u00e1ra bocs\u00e1t\u00e1s felt\u00e9tele a v\u00e9gbizony\u00edtv\u00e1ny (abszolut\u00f3rium) megszerz\u00e9se. V\u00e9gbizony\u00edtv\u00e1nyt a fels\u0151oktat\u00e1si int\u00e9zm\u00e9ny annak a hallgat\u00f3nak \u00e1ll\u00edt ki, aki a tantervben el\u0151\u00edrt tanulm\u00e1nyi \u00e9s vizsgak\u00f6vetelm\u00e9nyeket \u2013 \u00e9s szakdolgozat\u00e1t b\u00edr\u00e1latra leadta \u2013 teljes\u00edtette, \u00e9s az el\u0151\u00edrt krediteket megszerezte.<\/p>\n","protected":false},"excerpt":{"rendered":"<p>Tov\u00e1bbi inform\u00e1ci\u00f3k k\u00e9rhet\u0151k K\u00e9pz\u00e9svezet\u0151:&nbsp;Dr. habil Koll\u00e1r Csaba PhD&nbsp;tudom\u00e1nyos f\u0151munkat\u00e1rs,&nbsp;kollar.csaba@uni-obuda.huK\u00e9pz\u00e9sszervez\u0151:&nbsp;Varga Eszter,&nbsp;varga.eszter@bgk.uni-obuda.hu&nbsp;(+36 30 119 6661) A szakir\u00e1ny\u00fa tov\u00e1bbk\u00e9pz\u00e9sben szerezhet\u0151 szakk\u00e9pzetts\u00e9g oklev\u00e9lben szerepl\u0151 megnevez\u00e9se magyar nyelven: A szakir\u00e1ny\u00fa tov\u00e1bbk\u00e9pz\u00e9sben szerezhet\u0151 szakk\u00e9pzetts\u00e9g oklev\u00e9lben szerepl\u0151 megnevez\u00e9se magyar nyelven: A felv\u00e9tel felt\u00e9tele A szakir\u00e1ny\u00fa tov\u00e1bbk\u00e9pz\u00e9sre az vehet\u0151 fel, aki vagy alapk\u00e9pz\u00e9sben vagy mesterk\u00e9pz\u00e9sben (ide\u00e9rtve a f\u0151iskolai, illetve egyetemi szint\u0171 v\u00e9gzetts\u00e9get is) [&hellip;]<\/p>\n","protected":false},"author":1,"featured_media":0,"parent":0,"menu_order":0,"comment_status":"closed","ping_status":"closed","template":"","meta":{"footnotes":""},"class_list":["post-18","page","type-page","status-publish","hentry"],"featured_image_src":null,"_links":{"self":[{"href":"https:\/\/bgk.uni-obuda.hu\/fkk\/wp-json\/wp\/v2\/pages\/18","targetHints":{"allow":["GET"]}}],"collection":[{"href":"https:\/\/bgk.uni-obuda.hu\/fkk\/wp-json\/wp\/v2\/pages"}],"about":[{"href":"https:\/\/bgk.uni-obuda.hu\/fkk\/wp-json\/wp\/v2\/types\/page"}],"author":[{"embeddable":true,"href":"https:\/\/bgk.uni-obuda.hu\/fkk\/wp-json\/wp\/v2\/users\/1"}],"replies":[{"embeddable":true,"href":"https:\/\/bgk.uni-obuda.hu\/fkk\/wp-json\/wp\/v2\/comments?post=18"}],"version-history":[{"count":2,"href":"https:\/\/bgk.uni-obuda.hu\/fkk\/wp-json\/wp\/v2\/pages\/18\/revisions"}],"predecessor-version":[{"id":327,"href":"https:\/\/bgk.uni-obuda.hu\/fkk\/wp-json\/wp\/v2\/pages\/18\/revisions\/327"}],"wp:attachment":[{"href":"https:\/\/bgk.uni-obuda.hu\/fkk\/wp-json\/wp\/v2\/media?parent=18"}],"curies":[{"name":"wp","href":"https:\/\/api.w.org\/{rel}","templated":true}]}}