{"id":29,"date":"2026-03-17T09:56:22","date_gmt":"2026-03-17T09:56:22","guid":{"rendered":"https:\/\/bgk.uni-obuda.hu\/fkk\/?page_id=29"},"modified":"2026-05-05T14:17:03","modified_gmt":"2026-05-05T12:17:03","slug":"informaciobiztonsag","status":"publish","type":"page","link":"https:\/\/bgk.uni-obuda.hu\/fkk\/informaciobiztonsag\/","title":{"rendered":"Inform\u00e1ci\u00f3biztons\u00e1gi szakm\u00e9rn\u00f6k\/szakember"},"content":{"rendered":"\n<h3 class=\"wp-block-heading\">Tov\u00e1bbi inform\u00e1ci\u00f3k<\/h3>\n\n\n\n<p><strong>K\u00e9pz\u00e9svezet\u0151:<\/strong> Prof. Dr. Rajnai Zolt\u00e1n<br><strong>K\u00e9pz\u00e9sszervez\u0151:<\/strong> L\u0151rincz Andrea,&nbsp;<a href=\"mailto:lorincz.andrea@bgk.uni-obuda.hu\">lorincz.andrea@bgk.uni-obuda.hu<\/a>&nbsp;(+36-30-146-4570)<\/p>\n\n\n\n<hr class=\"wp-block-separator has-alpha-channel-opacity\"\/>\n\n\n<div style=\"background-color: #d9edf7; color: #31708f; border-left-color: #fcb900; \" class=\"ub-styled-box ub-notification-box wp-block-ub-styled-box\" id=\"ub-styled-box-ba74ed42-09fa-4826-aded-e0ca7a5c8b03\">\n<h3 class=\"wp-block-heading\" id=\"ub-styled-box-notification-content-\">Jelentkez\u00e9s<br><\/h3>\n\n\n\n<p><strong>Az online jelentkez\u00e9si \u0171rlap hi\u00e1nytalan kit\u00f6lt\u00e9s\u00e9vel:<\/strong><\/p>\n\n\n<div style=\"gap: 20px;\" class=\"align-button-center ub-buttons orientation-button-row ub-flex-wrap wp-block-ub-button\" id=\"ub-button-7a6d056e-c365-4eeb-85fa-1f66bdbaeb77\"><div class=\"ub-button-container\">\n\t\t\t<a href=\"https:\/\/bgk.uni-obuda.hu\/fkk\/szakiranyu-tovabbkepzesek-urlap\/\" target=\"_self\" class=\"ub-button-block-main   ub-button-flex\" role=\"button\" style=\"--ub-button-background-color: #7bdcb5; --ub-button-color: #000000; --ub-button-border: none; --ub-button-hover-background-color: #1d294d; --ub-button-hover-color: #ffffff; --ub-button-hover-border: none; padding-top: 10px; padding-right: 10px; padding-bottom: 10px; padding-left: 10px; border-top-left-radius: 10px;; border-top-right-radius: 10px;; border-bottom-left-radius: 10px;; border-bottom-right-radius: 10px;; \">\n\t\t\t\t<div class=\"ub-button-content-holder\" style=\"flex-direction: row\">\n\t\t\t\t\t<span class=\"ub-button-block-btn\">Jelentkez\u00e9si lap<\/span>\n\t\t\t\t<\/div>\n\t\t\t<\/a>\n\t\t<\/div><\/div>\n\n\n<p><em>K\u00e9rj\u00fck minden esetben pontosan jel\u00f6lje\u00a0meg a kiv\u00e1lasztott szakot, amelyre jelentkezni szeretne!<\/em><\/p>\n\n\n\n<p><strong>Jelentkez\u00e9si hat\u00e1rid\u0151:\u00a0<\/strong>2026. augusztus 15.<\/p>\n\n\n\n<p><strong>K\u00e9pz\u00e9s kezdete:\u00a0<\/strong>2026. szeptember<\/p>\n\n\n<\/div>\n\n\n<hr class=\"wp-block-separator has-alpha-channel-opacity\"\/>\n\n\n\n<p><strong>A szakir\u00e1ny\u00fa tov\u00e1bbk\u00e9pz\u00e9sben szerezhet\u0151 szakk\u00e9pzetts\u00e9g oklev\u00e9lben szerepl\u0151 megnevez\u00e9se magyar nyelven:<\/strong><\/p>\n\n\n\n<ul class=\"wp-block-list\">\n<li>inform\u00e1ci\u00f3biztons\u00e1gi szakm\u00e9rn\u00f6k<\/li>\n\n\n\n<li>inform\u00e1ci\u00f3biztons\u00e1gi szakember<\/li>\n<\/ul>\n\n\n\n<h3 class=\"wp-block-heading\">A felv\u00e9tel felt\u00e9tele<\/h3>\n\n\n\n<p><strong>Szakm\u00e9rn\u00f6k k\u00e9pz\u00e9s:&nbsp;<\/strong>m\u00e9rn\u00f6ki (BSc, MSc, vagy kor\u00e1bbi f\u0151iskolai vagy egyetemi) diploma<br><strong>Szakember k\u00e9pz\u00e9s:&nbsp;<\/strong>b\u00e1rmely fels\u0151oktat\u00e1si szakon szerzett BSc, vagy MSc, (kor\u00e1bbi egyetemi<br>vagy f\u0151iskolai) oklev\u00e9l<\/p>\n\n\n\n<h3 class=\"wp-block-heading\">K\u00e9pz\u00e9si adatok<\/h3>\n\n\n\n<p><strong>A k\u00e9pz\u00e9si id\u0151 f\u00e9l\u00e9vekben meghat\u00e1rozva:<\/strong>&nbsp;4 f\u00e9l\u00e9v<\/p>\n\n\n\n<p><strong>A szakk\u00e9pzetts\u00e9g megszerz\u00e9s\u00e9hez \u00f6sszegy\u0171jtend\u0151 kreditek sz\u00e1ma:<\/strong><strong>&nbsp;<\/strong>120 credit (112 kontakt \u00f3ra)<\/p>\n\n\n\n<p><strong>Finansz\u00edroz\u00e1si forma:<\/strong>&nbsp;\u00f6nk\u00f6lts\u00e9ges, az \u00f6nk\u00f6lts\u00e9gi d\u00edj 290 000 Ft\/f\u00e9l\u00e9v<\/p>\n\n\n\n<p>A szakir\u00e1ny\u00fa tov\u00e1bbk\u00e9pz\u00e9s v\u00e9g\u00e9n szakdolgozatot kell \u00edrni \u00e9s megv\u00e9deni, valamint sikeres z\u00e1r\u00f3vizsg\u00e1t kell tenni a szakm\u00e9rn\u00f6ki diploma megszerz\u00e9s\u00e9hez.<\/p>\n\n\n\n<p><strong>Munkarend:&nbsp;<\/strong>levelez\u0151<\/p>\n\n\n\n<h3 class=\"wp-block-heading\">Mintatanterv<\/h3>\n\n\n\n<p><img decoding=\"async\" class=\"wp-image-227\" style=\"width: 16px;\" src=\"https:\/\/bgk.uni-obuda.hu\/wp-content\/uploads\/2023\/02\/x-office-document.png\" alt=\"\"> <a href=\"https:\/\/bgk.uni-obuda.hu\/tantervek\/\"><strong>Mintatanterv <\/strong>el\u00e9rhet\u0151 a Tanulm\u00e1nyi Iroda aloldal\u00e1n<\/a> <\/p>\n\n\n\n<h3 class=\"wp-block-heading\">A k\u00e9pz\u00e9s c\u00e9lja<\/h3>\n\n\n\n<p>Egym\u00e1sra \u00e9p\u00fcl\u0151, aktu\u00e1lis szakmai ismeretanyagot \u00e9s piack\u00e9pes tud\u00e1st biztos\u00edtani azoknak a<br>szakembereknek, akik az inform\u00e1ci\u00f3biztons\u00e1g ter\u00fcleteihez kapcsol\u00f3d\u00f3 munkak\u00f6r\u00f6kben<br>dolgoznak. Magyarorsz\u00e1gon napr\u00f3l-napra, szinte robban\u00e1sszer\u0171en n\u0151 az ig\u00e9ny az inform\u00e1ci\u00f3biztons\u00e1g \u00e9s az inform\u00e1ci\u00f3biztons\u00e1gi rendszerek haszn\u00e1lata ir\u00e1nt. A v\u00e1llalatokn\u00e1l \u00e9s a k\u00f6zszf\u00e9r\u00e1ban m\u00e1r elk\u00e9pzelhetetlen az \u00fczleti folyamatok m\u0171k\u00f6dtet\u00e9se k\u00fcl\u00f6nb\u00f6z\u0151 informatikai rendszerek \u00e9s infokommunik\u00e1ci\u00f3s eszk\u00f6z\u00f6k t\u00e1mogat\u00e1sa n\u00e9lk\u00fcl. A v\u00e1llalatoknak alapvet\u0151 \u00e9rdek\u00fck folyamataik megb\u00edzhat\u00f3 m\u0171k\u00f6d\u00e9s\u00e9t garant\u00e1lni, ami megk\u00f6veteli a t\u00e1mogat\u00f3 informatika folyamatos rendelkez\u00e9sre \u00e1ll\u00e1s\u00e1t, megb\u00edzhat\u00f3 \u00e9s biztons\u00e1gos \u00fczemeltet\u00e9s\u00e9t. Az internet \u00e9s az infokommunik\u00e1ci\u00f3 fejl\u0151d\u00e9s\u00e9vel a v\u00e1llalatok nyitotts\u00e1ga az internet ir\u00e1ny\u00e1ban is jelent\u0151sen megn\u0151tt, ami rohamosan megn\u00f6velte a kiberb\u0171n\u00f6z\u00e9s vesz\u00e9lyeinek val\u00f3 kitetts\u00e9get.<\/p>\n\n\n\n<h3 class=\"wp-block-heading\">A k\u00e9pz\u00e9s f\u0151bb ter\u00fcletei<\/h3>\n\n\n\n<figure class=\"wp-block-table\"><table><tbody><tr><td>T\u00e1rgyak jellege<\/td><td>Kredit<\/td><\/tr><tr><td>Alapismeretek \u00e9s szakmai t\u00f6rzsanyag<\/td><td>60<\/td><\/tr><tr><td>Speci\u00e1lis szakismeretek<\/td><td>50<\/td><\/tr><tr><td>Szakdolgozat<\/td><td>10<\/td><\/tr><tr><td>\u00d6sszesen<\/td><td>120<\/td><\/tr><\/tbody><\/table><\/figure>\n\n\n\n<h3 class=\"wp-block-heading\">A kor\u00e1bban szerzett ismeretek, gyakorlatok besz\u00e1m\u00edt\u00e1si rendje<\/h3>\n\n\n\n<p>A kor\u00e1bban, hasonl\u00f3 t\u00e9m\u00e1ban szerzett \u00e9rdemjegyet az egyetem \u00e1ltal\u00e1nos elj\u00e1r\u00e1si rendje szerint sz\u00e1m\u00edtjuk be, azaz a f\u00e9l\u00e9v kezdet\u00e9n, index alapj\u00e1n \u00e9s megfelel\u0151 tematika alapj\u00e1n a tant\u00e1rgyfelel\u0151s oktat\u00f3 tesz javaslatot a besz\u00e1m\u00edt\u00e1s lehet\u0151s\u00e9g\u00e9re.<\/p>\n\n\n\n<h3 class=\"wp-block-heading\">A z\u00e1r\u00f3vizsg\u00e1ra bocs\u00e1t\u00e1s felt\u00e9telei<\/h3>\n\n\n\n<p>A z\u00e1r\u00f3vizsg\u00e1ra bocs\u00e1t\u00e1s felt\u00e9tele a v\u00e9gbizony\u00edtv\u00e1ny (abszolut\u00f3rium) megszerz\u00e9se. V\u00e9gbizony\u00edtv\u00e1nyt a fels\u0151oktat\u00e1si int\u00e9zm\u00e9ny annak a hallgat\u00f3nak \u00e1ll\u00edt ki, aki a tantervben el\u0151\u00edrt tanulm\u00e1nyi \u00e9s vizsgak\u00f6vetelm\u00e9nyeket \u2013 szakdolgozat elk\u00e9sz\u00edt\u00e9se kiv\u00e9tel\u00e9vel \u2013 teljes\u00edtette \u00e9s az el\u0151\u00edrt krediteket megszerezte.<\/p>\n\n\n\n<h3 class=\"wp-block-heading\">Gyakran ism\u00e9telt k\u00e9rd\u00e9sek<\/h3>\n\n\n<div class=\"wp-block-ub-content-toggle wp-block-ub-content-toggle-block\" id=\"ub-content-toggle-block-24ac6990-60de-4829-8270-35e18b61058f\" data-mobilecollapse=\"false\" data-desktopcollapse=\"true\" data-preventcollapse=\"false\" data-showonlyone=\"false\">\n<div class=\"wp-block-ub-content-toggle-accordion\" style=\"border-color: #00288c; \" id=\"ub-content-toggle-panel-block-\">\n\t\t\t<div class=\"wp-block-ub-content-toggle-accordion-title-wrap\" style=\"background-color: #00288c;\" aria-controls=\"ub-content-toggle-panel-0-24ac6990-60de-4829-8270-35e18b61058f\" tabindex=\"0\">\n\t\t\t<p class=\"wp-block-ub-content-toggle-accordion-title ub-content-toggle-title-24ac6990-60de-4829-8270-35e18b61058f\" style=\"color: #00dcdc; --ub-content-toggle-title-link-color: #00dcdc; \">Helyileg hol van a k\u00e9pz\u00e9s?<\/p>\n\t\t\t<div class=\"wp-block-ub-content-toggle-accordion-toggle-wrap right\" style=\"color: #00dcdc;\"><span class=\"wp-block-ub-content-toggle-accordion-state-indicator wp-block-ub-chevron-down\"><\/span><\/div>\n\t\t<\/div>\n\t\t\t<div role=\"region\" aria-expanded=\"false\" class=\"wp-block-ub-content-toggle-accordion-content-wrap ub-hide\" id=\"ub-content-toggle-panel-0-24ac6990-60de-4829-8270-35e18b61058f\">\n\n<p>Az \u00d3budai Egyetem B\u00e1nki Don\u00e1t G\u00e9p\u00e9sz \u00e9s Biztons\u00e1gtechnikai M\u00e9rn\u00f6ki Kar\u00e1n. 1081 Budapest, N\u00e9psz\u00ednh\u00e1z utca 8. A tanterembeoszt\u00e1st az aktu\u00e1lis f\u00e9l\u00e9vi \u00f3rarend tartalmazza.<\/p>\n\n<\/div>\n\t\t<\/div>\n\n<div class=\"wp-block-ub-content-toggle-accordion\" style=\"border-color: #00288c; \" id=\"ub-content-toggle-panel-block-\">\n\t\t\t<div class=\"wp-block-ub-content-toggle-accordion-title-wrap\" style=\"background-color: #00288c;\" aria-controls=\"ub-content-toggle-panel-1-24ac6990-60de-4829-8270-35e18b61058f\" tabindex=\"0\">\n\t\t\t<p class=\"wp-block-ub-content-toggle-accordion-title ub-content-toggle-title-24ac6990-60de-4829-8270-35e18b61058f\" style=\"color: #00dcdc; --ub-content-toggle-title-link-color: #00dcdc; \">Milyen oktat\u00e1si form\u00e1ban zajlik a k\u00e9pz\u00e9s?<\/p>\n\t\t\t<div class=\"wp-block-ub-content-toggle-accordion-toggle-wrap right\" style=\"color: #00dcdc;\"><span class=\"wp-block-ub-content-toggle-accordion-state-indicator wp-block-ub-chevron-down\"><\/span><\/div>\n\t\t<\/div>\n\t\t\t<div role=\"region\" aria-expanded=\"false\" class=\"wp-block-ub-content-toggle-accordion-content-wrap ub-hide\" id=\"ub-content-toggle-panel-1-24ac6990-60de-4829-8270-35e18b61058f\">\n\n<p>A k\u00e9pz\u00e9s szombati napokon, szemeszterenk\u00e9nt 14 hetes oktat\u00e1si rendszerben zajlik.<br>A k\u00e9pz\u00e9sben r\u00e9sztvev\u0151knek a 4 szemeszter alatt 120 tanulm\u00e1nyi kreditpontot kell megszerezni\u00fck.<br>A szakir\u00e1ny\u00fa tov\u00e1bbk\u00e9pz\u00e9s v\u00e9g\u00e9n szakdolgozatot kell \u00edrni \u00e9s megv\u00e9deni, valamint sikeres z\u00e1r\u00f3vizsg\u00e1t kell tenni a szakm\u00e9rn\u00f6ki diploma megszerz\u00e9s\u00e9hez.<\/p>\n\n<\/div>\n\t\t<\/div>\n\n<div class=\"wp-block-ub-content-toggle-accordion\" style=\"border-color: #00288c; \" id=\"ub-content-toggle-panel-block-\">\n\t\t\t<div class=\"wp-block-ub-content-toggle-accordion-title-wrap\" style=\"background-color: #00288c;\" aria-controls=\"ub-content-toggle-panel-2-24ac6990-60de-4829-8270-35e18b61058f\" tabindex=\"0\">\n\t\t\t<p class=\"wp-block-ub-content-toggle-accordion-title ub-content-toggle-title-24ac6990-60de-4829-8270-35e18b61058f\" style=\"color: #00dcdc; --ub-content-toggle-title-link-color: #00dcdc; \">Mikor indul a k\u00e9pz\u00e9s?<\/p>\n\t\t\t<div class=\"wp-block-ub-content-toggle-accordion-toggle-wrap right\" style=\"color: #00dcdc;\"><span class=\"wp-block-ub-content-toggle-accordion-state-indicator wp-block-ub-chevron-down\"><\/span><\/div>\n\t\t<\/div>\n\t\t\t<div role=\"region\" aria-expanded=\"false\" class=\"wp-block-ub-content-toggle-accordion-content-wrap ub-hide\" id=\"ub-content-toggle-panel-2-24ac6990-60de-4829-8270-35e18b61058f\">\n\n<p>A k\u00e9pz\u00e9s minden \u00e9v szeptember\u00e9ben indul minimum 10 f\u0151 jelentkez\u0151 eset\u00e9n.<\/p>\n\n<\/div>\n\t\t<\/div>\n\n<div class=\"wp-block-ub-content-toggle-accordion\" style=\"border-color: #00288c; \" id=\"ub-content-toggle-panel-block-\">\n\t\t\t<div class=\"wp-block-ub-content-toggle-accordion-title-wrap\" style=\"background-color: #00288c;\" aria-controls=\"ub-content-toggle-panel-3-24ac6990-60de-4829-8270-35e18b61058f\" tabindex=\"0\">\n\t\t\t<p class=\"wp-block-ub-content-toggle-accordion-title ub-content-toggle-title-24ac6990-60de-4829-8270-35e18b61058f\" style=\"color: #00dcdc; --ub-content-toggle-title-link-color: #00dcdc; \">Milyen diplom\u00e1t fogok kapni?<\/p>\n\t\t\t<div class=\"wp-block-ub-content-toggle-accordion-toggle-wrap right\" style=\"color: #00dcdc;\"><span class=\"wp-block-ub-content-toggle-accordion-state-indicator wp-block-ub-chevron-down\"><\/span><\/div>\n\t\t<\/div>\n\t\t\t<div role=\"region\" aria-expanded=\"false\" class=\"wp-block-ub-content-toggle-accordion-content-wrap ub-hide\" id=\"ub-content-toggle-panel-3-24ac6990-60de-4829-8270-35e18b61058f\">\n\n<p>Ha az alapdiploma megnevez\u00e9s\u00e9ben szerepel a m\u00e9rn\u00f6k sz\u00f3, ez esetben a diploma megnevez\u00e9se Inform\u00e1ci\u00f3biztons\u00e1gi szakm\u00e9rn\u00f6k, egy\u00e9bk\u00e9nt (pl. b\u00f6lcs\u00e9sz vagy gazdas\u00e1gi) v\u00e9gzetts\u00e9g eset\u00e9n Inform\u00e1ci\u00f3biztons\u00e1gi szakember.<\/p>\n\n<\/div>\n\t\t<\/div>\n\n<div class=\"wp-block-ub-content-toggle-accordion\" style=\"border-color: #00288c; \" id=\"ub-content-toggle-panel-block-\">\n\t\t\t<div class=\"wp-block-ub-content-toggle-accordion-title-wrap\" style=\"background-color: #00288c;\" aria-controls=\"ub-content-toggle-panel-4-24ac6990-60de-4829-8270-35e18b61058f\" tabindex=\"0\">\n\t\t\t<p class=\"wp-block-ub-content-toggle-accordion-title ub-content-toggle-title-24ac6990-60de-4829-8270-35e18b61058f\" style=\"color: #00dcdc; --ub-content-toggle-title-link-color: #00dcdc; \">Van-e elt\u00e9r\u00e9s a Szakm\u00e9rn\u00f6k \u00e9s a Szakember k\u00e9pz\u00e9sek tant\u00e1rgyai k\u00f6z\u00f6tt?<\/p>\n\t\t\t<div class=\"wp-block-ub-content-toggle-accordion-toggle-wrap right\" style=\"color: #00dcdc;\"><span class=\"wp-block-ub-content-toggle-accordion-state-indicator wp-block-ub-chevron-down\"><\/span><\/div>\n\t\t<\/div>\n\t\t\t<div role=\"region\" aria-expanded=\"false\" class=\"wp-block-ub-content-toggle-accordion-content-wrap ub-hide\" id=\"ub-content-toggle-panel-4-24ac6990-60de-4829-8270-35e18b61058f\">\n\n<p>Nincs, elnevez\u00e9s\u00e9ben m\u00e1s diplom\u00e1t kapnak a hallgat\u00f3k, de az elv\u00e9gzend\u0151 tananyag azonos.<\/p>\n\n<\/div>\n\t\t<\/div>\n\n<div class=\"wp-block-ub-content-toggle-accordion\" style=\"border-color: #00288c; \" id=\"ub-content-toggle-panel-block-\">\n\t\t\t<div class=\"wp-block-ub-content-toggle-accordion-title-wrap\" style=\"background-color: #00288c;\" aria-controls=\"ub-content-toggle-panel-5-24ac6990-60de-4829-8270-35e18b61058f\" tabindex=\"0\">\n\t\t\t<p class=\"wp-block-ub-content-toggle-accordion-title ub-content-toggle-title-24ac6990-60de-4829-8270-35e18b61058f\" style=\"color: #00dcdc; --ub-content-toggle-title-link-color: #00dcdc; \">Lehets\u00e9ges halaszt\u00e1s a k\u00e9pz\u00e9s sor\u00e1n?<\/p>\n\t\t\t<div class=\"wp-block-ub-content-toggle-accordion-toggle-wrap right\" style=\"color: #00dcdc;\"><span class=\"wp-block-ub-content-toggle-accordion-state-indicator wp-block-ub-chevron-down\"><\/span><\/div>\n\t\t<\/div>\n\t\t\t<div role=\"region\" aria-expanded=\"false\" class=\"wp-block-ub-content-toggle-accordion-content-wrap ub-hide\" id=\"ub-content-toggle-panel-5-24ac6990-60de-4829-8270-35e18b61058f\">\n\n<p>Igen, az \u00d3budai Egyetem Tanulm\u00e1nyi \u00e9s Vizsgaszab\u00e1lyzata szerint lehets\u00e9ges.<\/p>\n\n<\/div>\n\t\t<\/div>\n\n<div class=\"wp-block-ub-content-toggle-accordion\" style=\"border-color: #00288c; \" id=\"ub-content-toggle-panel-block-\">\n\t\t\t<div class=\"wp-block-ub-content-toggle-accordion-title-wrap\" style=\"background-color: #00288c;\" aria-controls=\"ub-content-toggle-panel-6-24ac6990-60de-4829-8270-35e18b61058f\" tabindex=\"0\">\n\t\t\t<p class=\"wp-block-ub-content-toggle-accordion-title ub-content-toggle-title-24ac6990-60de-4829-8270-35e18b61058f\" style=\"color: #00dcdc; --ub-content-toggle-title-link-color: #00dcdc; \">El tudok-e helyezkedni \u00e1llami int\u00e9zm\u00e9nyben az \u00d3budai Egyetem \u00e1ltal ki\u00e1ll\u00edtott Inform\u00e1ci\u00f3biztons\u00e1gi szakm\u00e9rn\u00f6k\/szakember oklev\u00e9llel? Hogyan \u00e9rtelmezzem a <em>26\/2013. (X. 21.) KIM rendelet<\/em> harmadik paragrafus\u00e1t?<\/p>\n\t\t\t<div class=\"wp-block-ub-content-toggle-accordion-toggle-wrap right\" style=\"color: #00dcdc;\"><span class=\"wp-block-ub-content-toggle-accordion-state-indicator wp-block-ub-chevron-down\"><\/span><\/div>\n\t\t<\/div>\n\t\t\t<div role=\"region\" aria-expanded=\"false\" class=\"wp-block-ub-content-toggle-accordion-content-wrap ub-hide\" id=\"ub-content-toggle-panel-6-24ac6990-60de-4829-8270-35e18b61058f\">\n\n<p>Igen, el tud helyezkedni. A jogszab\u00e1lyi hivatkoz\u00e1s egy teljesen m\u00e1s k\u00e9pz\u00e9s, a k\u00f6zszf\u00e9r\u00e1ban a biztons\u00e1gi felel\u0151s munkak\u00f6rben l\u00e9v\u0151knek k\u00f6telez\u0151 k\u00e9pz\u00e9se. <br>A mi k\u00e9pz\u00e9s\u00fcnk szakm\u00e9rn\u00f6k\/szakember k\u00e9pz\u00e9s, aminek az \u00e1llami nomenklat\u00far\u00e1ba t\u00f6rt\u00e9n\u0151 elismer\u00e9se m\u00e1r folyamatban van.<\/p>\n\n<\/div>\n\t\t<\/div>\n<\/div>","protected":false},"excerpt":{"rendered":"<p>Tov\u00e1bbi inform\u00e1ci\u00f3k K\u00e9pz\u00e9svezet\u0151: Prof. Dr. Rajnai Zolt\u00e1nK\u00e9pz\u00e9sszervez\u0151: L\u0151rincz Andrea,&nbsp;lorincz.andrea@bgk.uni-obuda.hu&nbsp;(+36-30-146-4570) A szakir\u00e1ny\u00fa tov\u00e1bbk\u00e9pz\u00e9sben szerezhet\u0151 szakk\u00e9pzetts\u00e9g oklev\u00e9lben szerepl\u0151 megnevez\u00e9se magyar nyelven: A felv\u00e9tel felt\u00e9tele Szakm\u00e9rn\u00f6k k\u00e9pz\u00e9s:&nbsp;m\u00e9rn\u00f6ki (BSc, MSc, vagy kor\u00e1bbi f\u0151iskolai vagy egyetemi) diplomaSzakember k\u00e9pz\u00e9s:&nbsp;b\u00e1rmely fels\u0151oktat\u00e1si szakon szerzett BSc, vagy MSc, (kor\u00e1bbi egyetemivagy f\u0151iskolai) oklev\u00e9l K\u00e9pz\u00e9si adatok A k\u00e9pz\u00e9si id\u0151 f\u00e9l\u00e9vekben meghat\u00e1rozva:&nbsp;4 f\u00e9l\u00e9v A szakk\u00e9pzetts\u00e9g megszerz\u00e9s\u00e9hez \u00f6sszegy\u0171jtend\u0151 [&hellip;]<\/p>\n","protected":false},"author":1,"featured_media":0,"parent":0,"menu_order":0,"comment_status":"closed","ping_status":"closed","template":"","meta":{"footnotes":""},"class_list":["post-29","page","type-page","status-publish","hentry"],"featured_image_src":null,"_links":{"self":[{"href":"https:\/\/bgk.uni-obuda.hu\/fkk\/wp-json\/wp\/v2\/pages\/29","targetHints":{"allow":["GET"]}}],"collection":[{"href":"https:\/\/bgk.uni-obuda.hu\/fkk\/wp-json\/wp\/v2\/pages"}],"about":[{"href":"https:\/\/bgk.uni-obuda.hu\/fkk\/wp-json\/wp\/v2\/types\/page"}],"author":[{"embeddable":true,"href":"https:\/\/bgk.uni-obuda.hu\/fkk\/wp-json\/wp\/v2\/users\/1"}],"replies":[{"embeddable":true,"href":"https:\/\/bgk.uni-obuda.hu\/fkk\/wp-json\/wp\/v2\/comments?post=29"}],"version-history":[{"count":2,"href":"https:\/\/bgk.uni-obuda.hu\/fkk\/wp-json\/wp\/v2\/pages\/29\/revisions"}],"predecessor-version":[{"id":332,"href":"https:\/\/bgk.uni-obuda.hu\/fkk\/wp-json\/wp\/v2\/pages\/29\/revisions\/332"}],"wp:attachment":[{"href":"https:\/\/bgk.uni-obuda.hu\/fkk\/wp-json\/wp\/v2\/media?parent=29"}],"curies":[{"name":"wp","href":"https:\/\/api.w.org\/{rel}","templated":true}]}}