{"id":31,"date":"2026-03-17T09:57:17","date_gmt":"2026-03-17T09:57:17","guid":{"rendered":"https:\/\/bgk.uni-obuda.hu\/fkk\/?page_id=31"},"modified":"2026-05-05T14:17:26","modified_gmt":"2026-05-05T12:17:26","slug":"legijarmu-uzemelteto","status":"publish","type":"page","link":"https:\/\/bgk.uni-obuda.hu\/fkk\/legijarmu-uzemelteto\/","title":{"rendered":"L\u00e9gij\u00e1rm\u0171 \u00fczemeltet\u0151 szakm\u00e9rn\u00f6k\/szakember"},"content":{"rendered":"\n<h3 class=\"wp-block-heading\">Tov\u00e1bbi inform\u00e1ci\u00f3k<\/h3>\n\n\n\n<p><strong>K\u00e9pz\u00e9svezet\u0151: <\/strong>Prof. Dr. Moln\u00e1r Andr\u00e1s, <a href=\"mailto:molnar@uni-obuda.hu\">molnar@uni-obuda.hu<\/a><br><strong>K\u00e9pz\u00e9sszervez\u0151: <\/strong>Kov\u00e1csn\u00e9 F\u00fcredi Enik\u0151,&nbsp;<a href=\"mailto:kovacsne.eniko@bgk.uni-obuda.hu\">kovacsne.eniko@bgk.uni-obuda.hu<\/a>&nbsp;(+36 (30) 119 6671)<\/p>\n\n\n\n<hr class=\"wp-block-separator has-alpha-channel-opacity\"\/>\n\n\n<div style=\"background-color: #d9edf7; color: #31708f; border-left-color: #fcb900; \" class=\"ub-styled-box ub-notification-box wp-block-ub-styled-box\" id=\"ub-styled-box-76d4e036-142b-4966-983a-d139a2ff3943\">\n<h3 class=\"wp-block-heading\" id=\"ub-styled-box-notification-content-\">Jelentkez\u00e9s<\/h3>\n\n\n\n<p><strong>Az online jelentkez\u00e9si \u0171rlap hi\u00e1nytalan kit\u00f6lt\u00e9s\u00e9vel<\/strong>:<\/p>\n\n\n<div style=\"gap: 20px;\" class=\"align-button-center ub-buttons orientation-button-row ub-flex-wrap wp-block-ub-button\" id=\"ub-button-1224acbd-114b-472f-9c83-43691eadffcb\"><div class=\"ub-button-container\">\n\t\t\t<a href=\"https:\/\/bgk.uni-obuda.hu\/fkk\/szakiranyu-tovabbkepzesek-urlap\/\" target=\"_self\" class=\"ub-button-block-main   ub-button-flex\" role=\"button\" style=\"--ub-button-background-color: #7bdcb5; --ub-button-color: #000000; --ub-button-border: none; --ub-button-hover-background-color: #1d294d; --ub-button-hover-color: #ffffff; --ub-button-hover-border: none; padding-top: 10px; padding-right: 10px; padding-bottom: 10px; padding-left: 10px; border-top-left-radius: 10px;; border-top-right-radius: 10px;; border-bottom-left-radius: 10px;; border-bottom-right-radius: 10px;; \">\n\t\t\t\t<div class=\"ub-button-content-holder\" style=\"flex-direction: row\">\n\t\t\t\t\t<span class=\"ub-button-block-btn\">Jelentkez\u00e9si lap<\/span>\n\t\t\t\t<\/div>\n\t\t\t<\/a>\n\t\t<\/div><\/div>\n\n\n<p><em>K\u00e9rj\u00fck minden esetben pontosan jel\u00f6lje\u00a0meg a kiv\u00e1lasztott szakot, amelyre jelentkezni szeretne!<\/em><\/p>\n\n\n\n<p><strong>Jelentkez\u00e9si hat\u00e1rid\u0151:<\/strong>\u00a02026. augusztus 15.<\/p>\n\n\n\n<p><strong>K\u00e9pz\u00e9s kezdete:<\/strong>\u00a02026. szeptember<\/p>\n\n\n<\/div>\n\n\n<hr class=\"wp-block-separator has-alpha-channel-opacity\"\/>\n\n\n\n<p><strong>A szakir\u00e1ny\u00fa tov\u00e1bbk\u00e9pz\u00e9sben szerezhet\u0151 szakk\u00e9pzetts\u00e9g oklev\u00e9lben szerepl\u0151 megnevez\u00e9se magyar nyelven:<\/strong><\/p>\n\n\n\n<ul class=\"wp-block-list\">\n<li>l\u00e9gij\u00e1rm\u0171 \u00fczemeltet\u0151 szakm\u00e9rn\u00f6k<\/li>\n\n\n\n<li>l\u00e9gij\u00e1rm\u0171 \u00fczemeltet\u0151 szakember<\/li>\n<\/ul>\n\n\n\n<h3 class=\"wp-block-heading\">A jelentkez\u00e9s felt\u00e9tele<\/h3>\n\n\n\n<p><strong>Szakm\u00e9rn\u00f6k k\u00e9pz\u00e9s:&nbsp;<\/strong>m\u00e9rn\u00f6ki (BSc, MSc, vagy kor\u00e1bbi f\u0151iskolai vagy egyetemi) diploma<br><strong>Szakember k\u00e9pz\u00e9s:&nbsp;<\/strong>b\u00e1rmely fels\u0151oktat\u00e1si szakon szerzett BSc, vagy MSc, (kor\u00e1bbi egyetemi<br>vagy f\u0151iskolai) oklev\u00e9l<\/p>\n\n\n\n<p><em>(A megnevez\u00e9s a jelentkez\u00e9skor bemutatott oklev\u00e9l alapj\u00e1n ker\u00fcl besorol\u00e1sra. A m\u00e9rn\u00f6ki BSc vagy MSc oklevelet bemutat\u00f3k szakm\u00e9rn\u00f6k\u00f6k lesznek, m\u00edg a nem m\u00e9rn\u00f6ki BSc vagy MSc oklevelet bemutat\u00f3k szakemberek.)<\/em><\/p>\n\n\n\n<p>tov\u00e1bb\u00e1:<\/p>\n\n\n\n<ul class=\"wp-block-list\">\n<li>Angol nyelvb\u0151l \u00e1llamilag elismert, k\u00f6z\u00e9pfok\u00fa (B2), komplex t\u00edpus\u00fa nyelvvizsga vagy azzal egyen\u00e9rt\u00e9k\u0171 \u00e9retts\u00e9gi bizony\u00edtv\u00e1ny vagy oklev\u00e9l<\/li>\n<\/ul>\n\n\n\n<ul class=\"wp-block-list\">\n<li>A polg\u00e1ri l\u00e9gi k\u00f6zleked\u00e9shez kapcsol\u00f3d\u00f3 m\u0171szaki k\u00f6vetelm\u00e9nyeknek \u00e9s igazgat\u00e1si elj\u00e1r\u00e1soknak a 216\/2008\/EK eur\u00f3pai parlamenti \u00e9s tan\u00e1csi rendelet \u00e9rtelm\u00e9ben t\u00f6rt\u00e9n\u0151 r\u00f6gz\u00edt\u00e9s\u00e9r\u0151l sz\u00f3l\u00f3 1178\/2011\/EU rendelet a MED alfejezet szerinti 1. oszt\u00e1ly\u00fa orvosi min\u0151s\u00edt\u00e9s.<\/li>\n<\/ul>\n\n\n\n<p>Aki a jelentkez\u00e9sben foglaltaknak marad\u00e9ktalanul megfelel, az felv\u00e9teli elbesz\u00e9lget\u00e9sen vesz r\u00e9szt. Ennek r\u00e9szleteir\u0151l \u00e9rtes\u00edt\u00e9st k\u00fcld a Feln\u0151ttk\u00e9pz\u00e9si K\u00f6zpont. A felv\u00e9tel felt\u00e9tele a sikeres felv\u00e9teli elbesz\u00e9lget\u00e9s.<\/p>\n\n\n\n<h3 class=\"wp-block-heading\">K\u00e9pz\u00e9si adatok<\/h3>\n\n\n\n<p><strong>K\u00e9pz\u00e9si id\u0151:<\/strong>&nbsp;3 f\u00e9l\u00e9v<\/p>\n\n\n\n<p><strong>A szakk\u00e9pzetts\u00e9g megszerz\u00e9s\u00e9hez \u00f6sszegy\u0171jtend\u0151 kreditek sz\u00e1ma:<\/strong> 90 kredit (338 kontakt \u00f3ra)<\/p>\n\n\n\n<p><strong>Finansz\u00edroz\u00e1si forma:<\/strong> \u00f6nk\u00f6lts\u00e9ges, az \u00f6nk\u00f6lts\u00e9gi d\u00edj 10 500 000 Ft\/ f\u00e9l\u00e9v<\/p>\n\n\n\n<p><strong>Munkarend:&nbsp;<\/strong>levelez\u0151<\/p>\n\n\n\n<h3 class=\"wp-block-heading\">Mintatanterv<\/h3>\n\n\n\n<p><img loading=\"lazy\" decoding=\"async\" width=\"16\" height=\"16\" src=\"https:\/\/bgk.uni-obuda.hu\/wp-content\/uploads\/2023\/02\/x-office-document.png\" alt=\"\">&nbsp;<a href=\"https:\/\/bgk.uni-obuda.hu\/tantervek\/\"><strong>Mintatanterv&nbsp;<\/strong>el\u00e9rhet\u0151 a Tanulm\u00e1nyi Iroda aloldal\u00e1n<\/a><\/p>\n\n\n\n<h3 class=\"wp-block-heading\">A k\u00e9pz\u00e9s c\u00e9lja<\/h3>\n\n\n\n<p>Els\u0151dlegesen az EASA Kereskedelemi Pil\u00f3ta Enged\u00e9ly (CPL) \u00e9s a hozz\u00e1 tartoz\u00f3 m\u0171szerrep\u00fcl\u00e9si jogos\u00edt\u00e1s, valamint hivat\u00e1sos k\u00f6zforgalmi pil\u00f3ta elm\u00e9leti oklev\u00e9l (ATPL theory) megszerz\u00e9se. A k\u00e9pz\u00e9s m\u00e1sik fontos c\u00e9lja, egy olyan posztgradu\u00e1lis k\u00e9pes\u00edt\u00e9s megszerz\u00e9se, amely kieg\u00e9sz\u00edti a hallgat\u00f3k megl\u00e9v\u0151 szakk\u00e9pes\u00edt\u00e9seit, \u00e9s hozz\u00e1j\u00e1rul a rep\u00fcl\u0151ipar\u00e1gban t\u00f6rt\u00e9n\u0151 elhelyezked\u00e9shez, \u00e9s az eredm\u00e9nyes szakmai munkav\u00e9gz\u00e9shez.<br>A legmagasabb szint\u0171 min\u0151s\u00e9g el\u00e9r\u00e9se \u00e9rdek\u00e9ben a jelenleg is foly\u00f3 l\u00e9git\u00e1rsas\u00e1gi pil\u00f3tak\u00e9pz\u00e9s fels\u0151oktat\u00e1si posztgradu\u00e1lis integr\u00e1ci\u00f3ja rendk\u00edv\u00fcl fontos. Az \u00d3budai Egyetem B\u00e1nki Don\u00e1t G\u00e9p\u00e9sz \u00e9s Biztons\u00e1gtechnikai M\u00e9rn\u00f6ki Kar az oktat\u00e1si-kutat\u00e1si portf\u00f3li\u00f3j\u00e1nak b\u0151v\u00edt\u00e9se \u00e9rdek\u00e9ben a l\u00e9gij\u00e1rm\u0171 \u00fczemeltet\u0151 szakm\u00e9rn\u00f6k k\u00e9pz\u00e9sre, mint az egyik lehets\u00e9ges kit\u00f6r\u00e9si pontra tekint. Ily m\u00f3don, a k\u00e9pz\u00e9s sor\u00e1n a k\u00f6zforgalmi pil\u00f3ta-hallgat\u00f3k alapvet\u0151 m\u00e9rn\u00f6ki szeml\u00e9letm\u00f3dot saj\u00e1t\u00edthatnak el, amelynek haszn\u00e1t vehetik a k\u00e9s\u0151bbi haj\u00f3z\u00f3-, vagy rep\u00fcl\u0151m\u0171szaki karrierj\u00fck sor\u00e1n is.<\/p>\n\n\n\n<h3 class=\"wp-block-heading\">A k\u00e9pz\u00e9s f\u0151bb ter\u00fcletei<\/h3>\n\n\n\n<figure class=\"wp-block-image size-full\"><img decoding=\"async\" src=\"https:\/\/bgk.uni-obuda.hu\/wp-content\/uploads\/2023\/03\/fkkpic_legijarmu_uzemelteto_fobb_targyak.jpg\" alt=\"\" class=\"wp-image-1930\"\/><\/figure>\n\n\n\n<h3 class=\"wp-block-heading\">\u00c9rt\u00e9kel\u00e9si \u00e9s ellen\u0151rz\u00e9si m\u00f3dszerek, elj\u00e1r\u00e1sok<\/h3>\n\n\n\n<p>A tant\u00e1rgyak vizsg\u00e1val, vagy \u00e9vk\u00f6zi jeggyel z\u00e1rulnak. A vizsg\u00e1ra bocs\u00e1t\u00e1s felt\u00e9tele az al\u00e1\u00edr\u00e1s megszerz\u00e9se tant\u00e1rgyank\u00e9nt.<br>A vizsga \u00edr\u00e1sbeli, sz\u00f3beli, vagy \u00edr\u00e1sbeli- \u00e9s sz\u00f3beli is lehet. A harmadik f\u00e9l\u00e9v sor\u00e1n a hallgat\u00f3k szakdolgozatot k\u00e9sz\u00edtenek, amelyet az abszolut\u00f3rium megszerz\u00e9se ut\u00e1n, z\u00e1r\u00f3vizsg\u00e1n v\u00e9denek meg. A z\u00e1r\u00f3vizsga elm\u00e9leti t\u00e1rgyaib\u00f3l eredm\u00e9nyes vizsg\u00e1t kell tenni.<\/p>\n\n\n\n<h3 class=\"wp-block-heading\">A kor\u00e1bban szerzett ismeretek, gyakorlatok besz\u00e1m\u00edt\u00e1si rendje<\/h3>\n\n\n\n<p>A kor\u00e1bban hasonl\u00f3-, vagy azonos rendszerben megszerzett krediteket az egyetem \u00e1ltal\u00e1nos elj\u00e1r\u00e1si rendje szerint besz\u00e1m\u00edthat\u00f3k. A t\u00e1rgy esed\u00e9kes f\u00e9l\u00e9ve kezdet\u00e9n, a hallgat\u00f3 k\u00e9r\u00e9s\u00e9re, az index \u00e9s megfelel\u0151 tematika alapj\u00e1n a tant\u00e1rgyfelel\u0151s oktat\u00f3 tesz javaslatot a besz\u00e1m\u00edt\u00e1sra.<\/p>\n\n\n\n<h3 class=\"wp-block-heading\">A z\u00e1r\u00f3vizsg\u00e1ra bocs\u00e1t\u00e1s felt\u00e9telei<\/h3>\n\n\n\n<p>A z\u00e1r\u00f3vizsg\u00e1ra bocs\u00e1t\u00e1s felt\u00e9tele a v\u00e9gbizony\u00edtv\u00e1ny (abszolut\u00f3rium) megszerz\u00e9se. V\u00e9gbizony\u00edtv\u00e1nyt a fels\u0151oktat\u00e1si int\u00e9zm\u00e9ny annak a hallgat\u00f3nak \u00e1ll\u00edt ki, aki a tantervben el\u0151\u00edrt tanulm\u00e1nyi \u00e9s vizsgak\u00f6vetelm\u00e9nyeket teljes\u00edtette, az el\u0151\u00edrt krediteket megszerezte \u00e9s szakdolgozat\u00e1t beadta.<\/p>\n\n\n\n<p><strong>A z\u00e1r\u00f3vizsga r\u00e9szei<\/strong><\/p>\n\n\n\n<p>A z\u00e1r\u00f3vizsga a szakdolgozat v\u00e9d\u00e9s\u00e9b\u0151l \u00e9s a tantervben el\u0151\u00edrt t\u00e1rgyakb\u00f3l tett sz\u00f3beli vizsg\u00e1kb\u00f3l \u00e1ll. A z\u00e1r\u00f3vizsg\u00e1t a hallgat\u00f3nak egy napon, folyamatosan kell letenni.<br>A z\u00e1r\u00f3vizsga sz\u00f3beli vizsg\u00e1b\u00f3l \u00e1ll, a felk\u00e9sz\u00fcl\u00e9si id\u0151 tant\u00e1rgyank\u00e9nt 10 perc.<\/p>\n","protected":false},"excerpt":{"rendered":"<p>Tov\u00e1bbi inform\u00e1ci\u00f3k K\u00e9pz\u00e9svezet\u0151: Prof. Dr. Moln\u00e1r Andr\u00e1s, molnar@uni-obuda.huK\u00e9pz\u00e9sszervez\u0151: Kov\u00e1csn\u00e9 F\u00fcredi Enik\u0151,&nbsp;kovacsne.eniko@bgk.uni-obuda.hu&nbsp;(+36 (30) 119 6671) A szakir\u00e1ny\u00fa tov\u00e1bbk\u00e9pz\u00e9sben szerezhet\u0151 szakk\u00e9pzetts\u00e9g oklev\u00e9lben szerepl\u0151 megnevez\u00e9se magyar nyelven: A jelentkez\u00e9s felt\u00e9tele Szakm\u00e9rn\u00f6k k\u00e9pz\u00e9s:&nbsp;m\u00e9rn\u00f6ki (BSc, MSc, vagy kor\u00e1bbi f\u0151iskolai vagy egyetemi) diplomaSzakember k\u00e9pz\u00e9s:&nbsp;b\u00e1rmely fels\u0151oktat\u00e1si szakon szerzett BSc, vagy MSc, (kor\u00e1bbi egyetemivagy f\u0151iskolai) oklev\u00e9l (A megnevez\u00e9s a jelentkez\u00e9skor bemutatott oklev\u00e9l alapj\u00e1n [&hellip;]<\/p>\n","protected":false},"author":1,"featured_media":0,"parent":0,"menu_order":0,"comment_status":"closed","ping_status":"closed","template":"","meta":{"footnotes":""},"class_list":["post-31","page","type-page","status-publish","hentry"],"featured_image_src":null,"_links":{"self":[{"href":"https:\/\/bgk.uni-obuda.hu\/fkk\/wp-json\/wp\/v2\/pages\/31","targetHints":{"allow":["GET"]}}],"collection":[{"href":"https:\/\/bgk.uni-obuda.hu\/fkk\/wp-json\/wp\/v2\/pages"}],"about":[{"href":"https:\/\/bgk.uni-obuda.hu\/fkk\/wp-json\/wp\/v2\/types\/page"}],"author":[{"embeddable":true,"href":"https:\/\/bgk.uni-obuda.hu\/fkk\/wp-json\/wp\/v2\/users\/1"}],"replies":[{"embeddable":true,"href":"https:\/\/bgk.uni-obuda.hu\/fkk\/wp-json\/wp\/v2\/comments?post=31"}],"version-history":[{"count":2,"href":"https:\/\/bgk.uni-obuda.hu\/fkk\/wp-json\/wp\/v2\/pages\/31\/revisions"}],"predecessor-version":[{"id":333,"href":"https:\/\/bgk.uni-obuda.hu\/fkk\/wp-json\/wp\/v2\/pages\/31\/revisions\/333"}],"wp:attachment":[{"href":"https:\/\/bgk.uni-obuda.hu\/fkk\/wp-json\/wp\/v2\/media?parent=31"}],"curies":[{"name":"wp","href":"https:\/\/api.w.org\/{rel}","templated":true}]}}