{"id":52,"date":"2026-03-17T10:12:06","date_gmt":"2026-03-17T10:12:06","guid":{"rendered":"https:\/\/bgk.uni-obuda.hu\/fkk\/?page_id=52"},"modified":"2026-05-05T14:38:54","modified_gmt":"2026-05-05T12:38:54","slug":"veteran","status":"publish","type":"page","link":"https:\/\/bgk.uni-obuda.hu\/fkk\/veteran\/","title":{"rendered":"Veter\u00e1ng\u00e9pj\u00e1rm\u0171-restaur\u00e1tor szakm\u00e9rn\u00f6k\/szaktanfolyam"},"content":{"rendered":"\n<h3 class=\"wp-block-heading\">Tov\u00e1bbi inform\u00e1ci\u00f3k<\/h3>\n\n\n\n<p><strong>K\u00e9pz\u00e9svezet\u0151: <\/strong>Hervay P\u00e9ter, <a href=\"mailto:hervay.peter@bgk.uni-obuda.hu\">hervay.peter@bgk.uni-obuda.hu<\/a><br><strong>K\u00e9pz\u00e9sszervez\u0151:<\/strong> Czig\u00e1ny Gabriella,&nbsp;<a href=\"mailto:czigany.gabriella@bgk.uni-obuda.hu\">czigany.gabriella@bgk.uni-obuda.hu<\/a>&nbsp;(+36 (30) 119 6669)<\/p>\n\n\n\n<hr class=\"wp-block-separator has-alpha-channel-opacity\"\/>\n\n\n<div style=\"background-color: #d9edf7; color: #31708f; border-left-color: #fcb900; \" class=\"ub-styled-box ub-notification-box wp-block-ub-styled-box\" id=\"ub-styled-box-bf24b3b9-9c94-46c1-a996-21cd9e176cf1\">\n<h3 class=\"wp-block-heading\" id=\"ub-styled-box-notification-content-\">Jelentkez\u00e9s szakm\u00e9rn\u00f6k k\u00e9pz\u00e9sre<\/h3>\n\n\n\n<p><strong>Az online jelentkez\u00e9si \u0171rlap hi\u00e1nytalan kit\u00f6lt\u00e9s\u00e9vel<\/strong>:<\/p>\n\n\n<div style=\"gap: 20px;\" class=\"align-button-center ub-buttons orientation-button-row ub-flex-wrap wp-block-ub-button\" id=\"ub-button-2820701e-0922-4b36-b961-52c43c320f89\"><div class=\"ub-button-container\">\n\t\t\t<a href=\"https:\/\/bgk.uni-obuda.hu\/fkk\/szakiranyu-tovabbkepzesek-urlap\/\" target=\"_self\" class=\"ub-button-block-main   ub-button-flex\" role=\"button\" style=\"--ub-button-background-color: #7bdcb5; --ub-button-color: #000000; --ub-button-border: none; --ub-button-hover-background-color: #1d294d; --ub-button-hover-color: #ffffff; --ub-button-hover-border: none; padding-top: 10px; padding-right: 10px; padding-bottom: 10px; padding-left: 10px; border-top-left-radius: 10px;; border-top-right-radius: 10px;; border-bottom-left-radius: 10px;; border-bottom-right-radius: 10px;; \">\n\t\t\t\t<div class=\"ub-button-content-holder\" style=\"flex-direction: row\">\n\t\t\t\t\t<span class=\"ub-button-block-btn\">Jelentkez\u00e9si lap<\/span>\n\t\t\t\t<\/div>\n\t\t\t<\/a>\n\t\t<\/div><\/div>\n\n\n<p><em>K\u00e9rj\u00fck minden esetben pontosan jel\u00f6lje\u00a0meg a kiv\u00e1lasztott szakot, amelyre jelentkezni szeretne!<\/em><\/p>\n\n\n\n<p><strong>Jelentkez\u00e9si hat\u00e1rid\u0151:<\/strong>\u00a02026. augusztus 15.<\/p>\n\n\n\n<p><strong>K\u00e9pz\u00e9s tervezett kezdete<\/strong>:\u00a02026. szeptember<\/p>\n\n\n<\/div>\n\n\n<hr class=\"wp-block-separator has-alpha-channel-opacity\"\/>\n\n\n\n<p><strong>A szakir\u00e1ny\u00fa tov\u00e1bbk\u00e9pz\u00e9sben szerezhet\u0151 szakk\u00e9pzetts\u00e9g oklev\u00e9lben szerepl\u0151 megnevez\u00e9se magyar nyelven:<\/strong><\/p>\n\n\n\n<ul class=\"wp-block-list\">\n<li>veter\u00e1ng\u00e9pj\u00e1rm\u0171-restaur\u00e1tor szakm\u00e9rn\u00f6k<\/li>\n<\/ul>\n\n\n\n<h3 class=\"wp-block-heading\">A felv\u00e9tel felt\u00e9tele<\/h3>\n\n\n\n<p>M\u00e9rn\u00f6ki (BSc, MSc, vagy kor\u00e1bbi f\u0151iskolai vagy egyetemi) diploma.<\/p>\n\n\n\n<h3 class=\"wp-block-heading\">K\u00e9pz\u00e9si adatok<\/h3>\n\n\n\n<p><strong>A k\u00e9pz\u00e9si id\u0151 f\u00e9l\u00e9vekben meghat\u00e1rozva:<\/strong>&nbsp;4 f\u00e9l\u00e9v<\/p>\n\n\n\n<p><strong>Finansz\u00edroz\u00e1si forma:<\/strong>&nbsp;\u00f6nk\u00f6lts\u00e9ges, az \u00f6nk\u00f6lts\u00e9gi d\u00edj 250 000 Ft\/f\u00e9l\u00e9v<\/p>\n\n\n\n<p><strong>Munkarend:&nbsp;<\/strong>levelez\u0151<\/p>\n\n\n\n<h3 class=\"wp-block-heading\">Mintatanterv<\/h3>\n\n\n\n<p><img loading=\"lazy\" decoding=\"async\" width=\"16\" height=\"16\" src=\"https:\/\/bgk.uni-obuda.hu\/wp-content\/uploads\/2023\/02\/x-office-document.png\" alt=\"\">&nbsp;<a href=\"https:\/\/bgk.uni-obuda.hu\/tantervek\/\"><strong>Mintatanterv&nbsp;<\/strong>el\u00e9rhet\u0151 a Tanulm\u00e1nyi Iroda aloldal\u00e1n<\/a><\/p>\n\n\n\n<h3 class=\"wp-block-heading\">A k\u00e9pz\u00e9s c\u00e9lja<\/h3>\n\n\n\n<p>A veter\u00e1nj\u00e1rm\u0171vek ir\u00e1nt \u00e9rdekl\u0151d\u0151k sz\u00e1m\u00e1ra ny\u00fajt m\u00e1soddiplom\u00e1s k\u00e9pz\u00e9st a szak. C\u00e9l olyan szakember k\u00e9pz\u00e9se, aki \u00e1tl\u00e1tja a veter\u00e1n-g\u00e9pj\u00e1rm\u0171vek fel\u00faj\u00edt\u00e1s\u00e1nak, restaur\u00e1l\u00e1s\u00e1nak \u00f6sszess\u00e9g\u00e9t, alkalmas egyes r\u00e9szfeladatok \u00f6n\u00e1ll\u00f3 megold\u00e1s\u00e1ra, valamint megfogalmazza, ellen\u0151rzi a kooper\u00e1ci\u00f3s partnerekkel szembeni elv\u00e1r\u00e1sokat. Korszer\u0171 muzeol\u00f3giai szeml\u00e9lettel v\u00e9gzi a restaur\u00e1l\u00e1st.<\/p>\n\n\n\n<h3 class=\"wp-block-heading\">Kinek aj\u00e1nljuk?<\/h3>\n\n\n\n<p>Minden olyan m\u00e9rn\u00f6ki diplom\u00e1val rendelkez\u0151nek aj\u00e1nljuk a k\u00e9pz\u00e9st, aki saj\u00e1t mag\u00e1nak restaur\u00e1l j\u00e1rm\u0171vet, vagy c\u00e9ges v\u00e1llalkoz\u00e1sa van az adott ter\u00fcleten. V\u00e1rjuk a szakter\u00fclet ir\u00e1nti egy\u00e9b megfontol\u00e1sb\u00f3l \u00e9rdekl\u0151d\u0151ket is.<\/p>\n\n\n\n<h3 class=\"wp-block-heading\">Szaktanfolyami k\u00e9pz\u00e9s is el\u00e9rhet\u0151<\/h3>\n\n\n\n<p>Akiknek m\u00e1s \u2013 nem m\u00e9rn\u00f6ki \u2013 diplom\u00e1juk, vagy \u00e9retts\u00e9gij\u00fck van, aj\u00e1nljuk szaktanfolyamunkat, amely p\u00e1rhuzamosan fut a szakm\u00e9rn\u00f6k k\u00e9pz\u00e9ssel 90%-os tananyag egyez\u0151s\u00e9ggel.<\/p>\n\n\n\n<h3 class=\"wp-block-heading\">F\u0151bb tant\u00e1rgy csoportok<\/h3>\n\n\n\n<p>nemzetk\u00f6zi \u00e9s magyar j\u00e1rm\u0171t\u00f6rt\u00e9net, g\u00e9pj\u00e1rm\u0171 szerkezettan az 1970-es \u00e9vek k\u00f6zep\u00e9ig, anyagismeret (f\u00e9mes, nemf\u00e9mes anyagok, restaur\u00e1l\u00e1si anyagok), m\u00e9r\u00e9stechnika, restaur\u00e1l\u00e1si technol\u00f3gi\u00e1k, muzeol\u00f3giai \u00e9s jogi ismeretek<\/p>\n\n\n\n<h3 class=\"wp-block-heading\">Id\u0151beoszt\u00e1s<\/h3>\n\n\n\n<p>A levelez\u0151 munkarend\u0171 k\u00e9pz\u00e9sben a hallgat\u00f3k tan\u00f3r\u00e1ira t\u00f6mb\u00f6s\u00edtve, szombati napokon ker\u00fcl sor.<\/p>\n","protected":false},"excerpt":{"rendered":"<p>Tov\u00e1bbi inform\u00e1ci\u00f3k K\u00e9pz\u00e9svezet\u0151: Hervay P\u00e9ter, hervay.peter@bgk.uni-obuda.huK\u00e9pz\u00e9sszervez\u0151: Czig\u00e1ny Gabriella,&nbsp;czigany.gabriella@bgk.uni-obuda.hu&nbsp;(+36 (30) 119 6669) A szakir\u00e1ny\u00fa tov\u00e1bbk\u00e9pz\u00e9sben szerezhet\u0151 szakk\u00e9pzetts\u00e9g oklev\u00e9lben szerepl\u0151 megnevez\u00e9se magyar nyelven: A felv\u00e9tel felt\u00e9tele M\u00e9rn\u00f6ki (BSc, MSc, vagy kor\u00e1bbi f\u0151iskolai vagy egyetemi) diploma. K\u00e9pz\u00e9si adatok A k\u00e9pz\u00e9si id\u0151 f\u00e9l\u00e9vekben meghat\u00e1rozva:&nbsp;4 f\u00e9l\u00e9v Finansz\u00edroz\u00e1si forma:&nbsp;\u00f6nk\u00f6lts\u00e9ges, az \u00f6nk\u00f6lts\u00e9gi d\u00edj 250 000 Ft\/f\u00e9l\u00e9v Munkarend:&nbsp;levelez\u0151 Mintatanterv &nbsp;Mintatanterv&nbsp;el\u00e9rhet\u0151 a Tanulm\u00e1nyi Iroda [&hellip;]<\/p>\n","protected":false},"author":1,"featured_media":0,"parent":0,"menu_order":0,"comment_status":"closed","ping_status":"closed","template":"","meta":{"footnotes":""},"class_list":["post-52","page","type-page","status-publish","hentry"],"featured_image_src":null,"_links":{"self":[{"href":"https:\/\/bgk.uni-obuda.hu\/fkk\/wp-json\/wp\/v2\/pages\/52","targetHints":{"allow":["GET"]}}],"collection":[{"href":"https:\/\/bgk.uni-obuda.hu\/fkk\/wp-json\/wp\/v2\/pages"}],"about":[{"href":"https:\/\/bgk.uni-obuda.hu\/fkk\/wp-json\/wp\/v2\/types\/page"}],"author":[{"embeddable":true,"href":"https:\/\/bgk.uni-obuda.hu\/fkk\/wp-json\/wp\/v2\/users\/1"}],"replies":[{"embeddable":true,"href":"https:\/\/bgk.uni-obuda.hu\/fkk\/wp-json\/wp\/v2\/comments?post=52"}],"version-history":[{"count":3,"href":"https:\/\/bgk.uni-obuda.hu\/fkk\/wp-json\/wp\/v2\/pages\/52\/revisions"}],"predecessor-version":[{"id":350,"href":"https:\/\/bgk.uni-obuda.hu\/fkk\/wp-json\/wp\/v2\/pages\/52\/revisions\/350"}],"wp:attachment":[{"href":"https:\/\/bgk.uni-obuda.hu\/fkk\/wp-json\/wp\/v2\/media?parent=52"}],"curies":[{"name":"wp","href":"https:\/\/api.w.org\/{rel}","templated":true}]}}