{"id":70,"date":"2026-03-17T11:21:50","date_gmt":"2026-03-17T11:21:50","guid":{"rendered":"https:\/\/bgk.uni-obuda.hu\/fkk\/?page_id=70"},"modified":"2026-03-17T11:21:50","modified_gmt":"2026-03-17T11:21:50","slug":"plc-rendszeruzemelteto-alaptanfolyam","status":"publish","type":"page","link":"https:\/\/bgk.uni-obuda.hu\/fkk\/szaktanfolyamok\/plc-rendszeruzemelteto-alaptanfolyam\/","title":{"rendered":"PLC rendszer\u00fczemeltet\u0151 alaptanfolyam"},"content":{"rendered":"\n<h3 class=\"wp-block-heading\">Tanfolyam le\u00edr\u00e1sa<\/h3>\n\n\n\n<p>A tanfolyam betekint\u00e9st ny\u00fajt a PLC-vel m\u0171k\u00f6dtetett rendszerek fel\u00e9p\u00edt\u00e9s\u00e9be \u00e9s a PLC-k fejleszt\u0151k\u00f6rnyezet\u00e9be, amelyen kereszt\u00fcl megismerhetj\u00fck az automatiz\u00e1l\u00e1si eszk\u00f6z\u00f6ket \u00e9s azok programoz\u00e1s\u00e1nak alapjait. A magabiztos eszk\u00f6zismereteken k\u00edv\u00fcl, programtervez\u00e9si, rendszer \u00e9s h\u00e1l\u00f3zat\u00e9p\u00edt\u00e9si, valamint hibakeres\u00e9si feladatokon kereszt\u00fcl, egy \u00e1tfog\u00f3 tematik\u00e1val juthatunk el a k\u00e9pz\u00e9s v\u00e9ge fel\u00e9 a PLC be\u00fczemel\u00e9s\u00e9t\u0151l eg\u00e9szen a tesztel\u00e9si \u00e9s \u00fczemeltet\u00e9si f\u00e1zisig.<\/p>\n\n\n\n<p>A tanfolyam id\u0151tartama alatt tapasztalt oktat\u00f3ink seg\u00edtenek \u00e9s val\u00f3s p\u00e9ld\u00e1kon kereszt\u00fcl mutatj\u00e1k be a PLC programoz\u00e1s alapjait \u00e9s a fejleszt\u0151i k\u00f6rnyezetek magabiztos haszn\u00e1lat\u00e1t.<\/p>\n\n\n\n<h3 class=\"wp-block-heading\">Tanfolyam c\u00e9lja<\/h3>\n\n\n\n<p>A tanfolyam v\u00e9g\u00e9re minden r\u00e9sztvev\u0151 k\u00e9pes lesz \u00f6n\u00e1ll\u00f3an be\u00fczemelni egy PLC eszk\u00f6zt, mind hardver, mind szoftver oldalr\u00f3l. Ezen fel\u00fcl k\u00e9pes lesz a h\u00e1l\u00f3zaton l\u00e9v\u0151 eszk\u00f6z\u00f6k azonos\u00edt\u00e1s\u00e1ra, hibakezel\u00e9sre \u00e9s felt\u00e1r\u00e1s\u00e1ra. A k\u00e9pz\u00e9s ut\u00e1n a hallgat\u00f3 magabiztosan fogja tudni kezelni a PLC szoftvert, olvasni \u00e9s \u00e9rtelmezni a PLC programokat \u00e9s a gy\u00e1rt\u00f3 \u00e1ltal k\u00edn\u00e1lt eszk\u00f6z\u00f6kb\u0151l is magabiztosan tudja majd kiv\u00e1lasztani a projekthez legink\u00e1bb alkalmasat.<\/p>\n\n\n\n<h3 class=\"wp-block-heading\">Tematika<\/h3>\n\n\n\n<ul class=\"wp-block-list\">\n<li>A PLC alapvet\u0151 ism\u00e9rvei<\/li>\n\n\n\n<li>PLC programnyelvek t\u00edpusai \u00e9s azok felhaszn\u00e1l\u00e1sa<\/li>\n\n\n\n<li>Eszk\u00f6z\u00f6k \u00e9s h\u00e1l\u00f3zatok &#8211; Hardver konfigur\u00e1ci\u00f3 tervez\u00e9se, eszk\u00f6z\u00f6k, busz rendszerek \u00e9s azok c\u00edmz\u00e9sei,<\/li>\n\n\n\n<li>Mem\u00f3ri\u00e1k \u00e9s adatter\u00fcletek<\/li>\n\n\n\n<li>CPU fel\u00e9p\u00edt\u00e9se \u00e9s CPU jelz\u00e9sek<\/li>\n\n\n\n<li>V\u00e1ltoz\u00f3k figyel\u00e9se c\u00edmz\u00e9se \u00e9s vez\u00e9rl\u00e9se<\/li>\n\n\n\n<li>Hibakeres\u00e9si m\u00f3dszerek<\/li>\n\n\n\n<li>Diagnosztikai funkci\u00f3k<\/li>\n\n\n\n<li>PLC v\u00e1ltoz\u00f3k \u00e9s programblokkok<\/li>\n\n\n\n<li>PLC utas\u00edt\u00e1sk\u00e9szlete<\/li>\n\n\n\n<li>Program strukt\u00fara fel\u00e9p\u00edt\u00e9se<\/li>\n\n\n\n<li>PLC programok visszafejt\u00e9s\u00e9nek m\u00f3dszerei<\/li>\n\n\n\n<li>Monitoroz\u00e1s &#8211; Program figyel\u00e9se fut\u00e1s k\u00f6zben<\/li>\n\n\n\n<li>PLC \u2013 HMI kapcsolatok<\/li>\n\n\n\n<li>HMI alapok<\/li>\n\n\n\n<li>A programm\u00f3dos\u00edt\u00e1sok ment\u00e9se \u00e9s dokument\u00e1l\u00e1sa<\/li>\n\n\n\n<li>M\u00e9lyebb ismeretek gyakorlati feladatokon kereszt\u00fcl<\/li>\n<\/ul>\n\n\n\n<h3 class=\"wp-block-heading\">Jelentkez\u00e9si felt\u00e9telek<\/h3>\n\n\n\n<p>A jelentkez\u0151 a&nbsp;18. \u00e9let\u00e9v\u00e9t bet\u00f6lt\u00f6tte, rendelkezik legal\u00e1bb \u00e9retts\u00e9gi bizony\u00edtv\u00e1nnyal, tov\u00e1bb\u00e1 a sz\u00fcks\u00e9ges ismeretek bizony\u00edt\u00e1s\u00e1t szolg\u00e1l\u00f3 tesztet (minimum 60%-os szinten) teljes\u00edtette.<\/p>\n\n\n\n<h3 class=\"wp-block-heading\">Sz\u00fcks\u00e9ges ismeretek \u00e9s eszk\u00f6z\u00f6k<\/h3>\n\n\n\n<p>Elektromos \u00e9s alap vez\u00e9rl\u00e9stechnikai ismeretek el\u0151nyt jelentenek. Sz\u00e1m\u00edt\u00f3g\u00e9p felhaszn\u00e1l\u00f3i szint\u0171 ismerete \u00e9s alap szerel\u00e9si k\u00e9szs\u00e9g. Valamilyen PLC fejleszt\u0151k\u00f6rnyezet ismerete el\u0151ny, de nem fel\u00e9tel a jelentkez\u00e9shez.&nbsp; Lehet\u0151s\u00e9g szerint saj\u00e1t laptopot mindenki hozzon mag\u00e1val, aki teheti. Oktat\u00e1si seg\u00e9danyagokat biztos\u00edtunk.<\/p>\n\n\n\n<h3 class=\"wp-block-heading\">L\u00e9tsz\u00e1m<\/h3>\n\n\n\n<p>A tanfolyamot minimum 10 f\u0151, a teszten megfelelt jelentkez\u0151 eset\u00e9n ind\u00edtjuk.<\/p>\n\n\n\n<h3 class=\"wp-block-heading\">Tanfolyam id\u0151tartama<\/h3>\n\n\n\n<p>\u00d6sszesen 48 tan\u00f3ra<br><strong>2026. m\u00e1jus 18 &#8211; j\u00fanius 7.<\/strong><\/p>\n\n\n\n<h3 class=\"wp-block-heading\">A tanfolyam indul\u00e1sa<\/h3>\n\n\n\n<p class=\"has-black-color has-text-color\"><strong>2026. m\u00e1jus 18.<\/strong><\/p>\n\n\n\n<h3 class=\"wp-block-heading\">Jelentkez\u00e9si hat\u00e1rid\u0151<\/h3>\n\n\n\n<p><strong>2026. m\u00e1jus 4.<\/strong><\/p>\n\n\n\n<h3 class=\"wp-block-heading\">A tanfolyam helysz\u00edne<\/h3>\n\n\n\n<p>\u00d3budai Egyetem B\u00e1nki Don\u00e1t G\u00e9p\u00e9sz \u00e9s Biztons\u00e1gtechnikai M\u00e9rn\u00f6ki Kar<br>Frangep\u00e1n utcai campus<br>1139 Budapest, Frangep\u00e1n u. 50.<\/p>\n\n\n\n<h3 class=\"wp-block-heading\">R\u00e9szv\u00e9teli d\u00edj<\/h3>\n\n\n\n<p> 395.000<em> <\/em>HUF<\/p>\n\n\n\n<h3 class=\"wp-block-heading\">Kapcsolattart\u00f3<\/h3>\n\n\n\n<p>Czig\u00e1ny Gabriella,&nbsp;<a href=\"mailto:czigany.gabriella@bgk.uni-obuda.hu\">czigany.gabriella@bgk.uni-obuda.hu<\/a>&nbsp;(+36-1-666-5390)<\/p>\n\n\n\n<h3 class=\"wp-block-heading\">Tov\u00e1bbi inform\u00e1ci\u00f3k<\/h3>\n\n\n\n<p>Az alapoz\u00f3 tanfolyam elv\u00e9gz\u00e9s\u00e9t k\u00f6vet\u0151en, vagy ha m\u00e1r rendelkezel PLC-s tud\u00e1ssal, de tov\u00e1bb b\u0151v\u00edten\u00e9d ismereteidet, akkor lehet\u0151s\u00e9ged van elv\u00e9gezni specializ\u00e1ci\u00f3s moduljainkat, OMRON, SIEMENS, vagy MITSUBISHI rendszereken. R\u00e1\u00e9p\u00fcl\u0151 moduljainkban egy adott gy\u00e1rt\u00f3 term\u00e9keire \u00e9s programoz\u00e1s\u00e1ra f\u00f3kusz\u00e1lunk, ahol gyakorlati tud\u00e1st szerezhetsz \u00e9s megismerheted az iparban haszn\u00e1lt eszk\u00f6z\u00f6ket.<\/p>\n\n\n\n<hr class=\"wp-block-separator has-alpha-channel-opacity\"\/>\n\n\n\n<hr class=\"wp-block-separator has-alpha-channel-opacity is-style-dots\"\/>\n\n\n\n<h3 class=\"wp-block-heading has-vivid-cyan-blue-color has-text-color\">Online jelentkez\u00e9si \u0171rlap<\/h3>\n","protected":false},"excerpt":{"rendered":"<p>Tanfolyam le\u00edr\u00e1sa A tanfolyam betekint\u00e9st ny\u00fajt a PLC-vel m\u0171k\u00f6dtetett rendszerek fel\u00e9p\u00edt\u00e9s\u00e9be \u00e9s a PLC-k fejleszt\u0151k\u00f6rnyezet\u00e9be, amelyen kereszt\u00fcl megismerhetj\u00fck az automatiz\u00e1l\u00e1si eszk\u00f6z\u00f6ket \u00e9s azok programoz\u00e1s\u00e1nak alapjait. A magabiztos eszk\u00f6zismereteken k\u00edv\u00fcl, programtervez\u00e9si, rendszer \u00e9s h\u00e1l\u00f3zat\u00e9p\u00edt\u00e9si, valamint hibakeres\u00e9si feladatokon kereszt\u00fcl, egy \u00e1tfog\u00f3 tematik\u00e1val juthatunk el a k\u00e9pz\u00e9s v\u00e9ge fel\u00e9 a PLC be\u00fczemel\u00e9s\u00e9t\u0151l eg\u00e9szen a tesztel\u00e9si \u00e9s \u00fczemeltet\u00e9si f\u00e1zisig. [&hellip;]<\/p>\n","protected":false},"author":1,"featured_media":0,"parent":54,"menu_order":0,"comment_status":"closed","ping_status":"closed","template":"","meta":{"footnotes":""},"class_list":["post-70","page","type-page","status-publish","hentry"],"featured_image_src":null,"_links":{"self":[{"href":"https:\/\/bgk.uni-obuda.hu\/fkk\/wp-json\/wp\/v2\/pages\/70","targetHints":{"allow":["GET"]}}],"collection":[{"href":"https:\/\/bgk.uni-obuda.hu\/fkk\/wp-json\/wp\/v2\/pages"}],"about":[{"href":"https:\/\/bgk.uni-obuda.hu\/fkk\/wp-json\/wp\/v2\/types\/page"}],"author":[{"embeddable":true,"href":"https:\/\/bgk.uni-obuda.hu\/fkk\/wp-json\/wp\/v2\/users\/1"}],"replies":[{"embeddable":true,"href":"https:\/\/bgk.uni-obuda.hu\/fkk\/wp-json\/wp\/v2\/comments?post=70"}],"version-history":[{"count":1,"href":"https:\/\/bgk.uni-obuda.hu\/fkk\/wp-json\/wp\/v2\/pages\/70\/revisions"}],"predecessor-version":[{"id":71,"href":"https:\/\/bgk.uni-obuda.hu\/fkk\/wp-json\/wp\/v2\/pages\/70\/revisions\/71"}],"up":[{"embeddable":true,"href":"https:\/\/bgk.uni-obuda.hu\/fkk\/wp-json\/wp\/v2\/pages\/54"}],"wp:attachment":[{"href":"https:\/\/bgk.uni-obuda.hu\/fkk\/wp-json\/wp\/v2\/media?parent=70"}],"curies":[{"name":"wp","href":"https:\/\/api.w.org\/{rel}","templated":true}]}}